{"id":2798,"date":"2024-09-16T12:10:10","date_gmt":"2024-09-16T16:10:10","guid":{"rendered":"http:\/\/conatel.qa\/?page_id=2798"},"modified":"2024-09-17T10:26:48","modified_gmt":"2024-09-17T14:26:48","slug":"foto-7","status":"publish","type":"page","link":"https:\/\/conatel.gob.ve\/?page_id=2798","title":{"rendered":"Conatel inicia ciclo de formaci\u00f3n en alfabetizaci\u00f3n tecnol\u00f3gica dirigido a las comunidades"},"content":{"rendered":"\n<div class=\"wp-block-stackable-heading stk-block-heading stk-block-heading--v2 stk-block stk-ba9fa50\" id=\"conatel-inicia-ciclo-de-formacion-en-alfabetizacion-tecnologica-dirigido-a-las-comunidades\" data-block-id=\"ba9fa50\"><style>.stk-ba9fa50{margin-top:20px !important}.stk-ba9fa50 .stk-block-heading__text{font-size:24px !important}@media screen and (max-width:999px){.stk-ba9fa50 .stk-block-heading__text{font-size:24px !important}}<\/style><h2 class=\"stk-block-heading__text has-text-align-center\">Conatel inicia ciclo de formaci\u00f3n en alfabetizaci\u00f3n tecnol\u00f3gica dirigido a las comunidades<\/h2><\/div>\n\n\n\n<p><strong><em>La Comisi\u00f3n Nacional de Telecomunicaciones (CONATEL), comprometida con el empoderamiento del pueblo venezolano en el uso y acceso a las Tecnolog\u00edas de la Informaci\u00f3n y la Comunicaci\u00f3n (TIC), pone en marcha su Plan de Alfabetizaci\u00f3n Tecnol\u00f3gica 2023-2025.<\/em><\/strong><\/p>\n\n\n\n<div class=\"wp-block-stackable-image stk-block-image stk-block stk-d8ddca6\" data-block-id=\"d8ddca6\"><style>.stk-d8ddca6 .stk-img-wrapper{width:80% !important;height:320px !important}@media screen and (max-width:689px){.stk-d8ddca6{margin-bottom:0px !important}.stk-d8ddca6 .stk-img-wrapper{width:100% !important;height:150px !important}.stk-d8ddca6 .stk-img-wrapper img{object-fit:scale-down !important}}<\/style><figure><span class=\"stk-img-wrapper stk-image--shape-stretch\"><img fetchpriority=\"high\" decoding=\"async\" class=\"stk-img wp-image-2762\" src=\"http:\/\/conatel.qa\/wp-content\/uploads\/2024\/09\/7.jpg\" width=\"1280\" height=\"413\" srcset=\"https:\/\/conatel.gob.ve\/wp-content\/uploads\/2024\/09\/7.jpg 1280w, https:\/\/conatel.gob.ve\/wp-content\/uploads\/2024\/09\/7-300x97.jpg 300w, https:\/\/conatel.gob.ve\/wp-content\/uploads\/2024\/09\/7-1024x330.jpg 1024w, https:\/\/conatel.gob.ve\/wp-content\/uploads\/2024\/09\/7-768x248.jpg 768w\" sizes=\"(max-width: 1280px) 100vw, 1280px\" \/><\/span><\/figure><\/div>\n\n\n\n<p class=\"justificar\">Este plan tiene como objetivo impulsar la democracia participativa y protag\u00f3nica mediante la formaci\u00f3n de ni\u00f1os, j\u00f3venes y adultos en el \u00e1rea de las Telecomunicaciones, con el fin de articular con el pueblo el aprovechamiento de las nuevas tecnolog\u00edas e Incentivar el uso consciente y responsable de la informaci\u00f3n y la comunicaci\u00f3n. <\/p>\n\n\n\n<p>Las actividades formativas programadas para dictarse como parte del Plan de Alfabetizaci\u00f3n Tecnol\u00f3gica impulsado por <strong>Conatel<\/strong> son:<\/p>\n\n\n\n<ul class=\"wp-block-list\">\n<li><strong>Instalaci\u00f3n de Antena Satelital (FTA)<\/strong><\/li>\n\n\n\n<li><strong>Estrategias para Aprender en L\u00ednea<\/strong><\/li>\n\n\n\n<li><strong>Ciberseguridad<\/strong><\/li>\n\n\n\n<li><strong>Entendiendo las Redes Sociales<\/strong><\/li>\n\n\n\n<li><strong>Uso eficiente de los dispositivos m\u00f3viles<\/strong><\/li>\n\n\n\n<li><strong>Protecci\u00f3n de la Infancia en L\u00ednea<\/strong><\/li>\n<\/ul>\n\n\n\n<p class=\"justificar\">Las comunidades interesadas en recibir este ciclo de formaci\u00f3n deben escribir al correo gestiondecursos@conatel.gob.ve o llamar a los tel\u00e9fonos (0212) 909.03.18\/ 909.04.32\/ 909.04.59 WhatsApp 0416-6261146. Tambi\u00e9n pueden solicitar informaci\u00f3n a trav\u00e9s del correo gestiondecursosconatel@gmail.com. <\/p>\n\n\n\n<p class=\"justificar\"><strong>CONATEL<\/strong> continuamente promueve la formaci\u00f3n de las comunidades en materia de telecomunicaciones y tecnolog\u00eda. Durante el 2023, la Gerencia de Formaci\u00f3n de la instituci\u00f3n realiz\u00f3 20 actividades y form\u00f3 en el marco del Plan de Alfabetizaci\u00f3n a 477 j\u00f3venes, estudiantes de bachillerato, de distintos colegios en las ciudades de Caracas y Maracay. <\/p>\n\n\n\n<p class=\"justificar\">Para el per\u00edodo 2024-2025, CONATEL busca llegar directo a las organizaciones de base del poder popular con este ciclo de actividades, porque son ellos los principales garantes del cumplimiento de la Ley Org\u00e1nica de Telecomunicaciones y la Ley de Responsabilidad Social en Radio, Televisi\u00f3n y Medios Electr\u00f3nicos.<\/p>\n","protected":false},"excerpt":{"rendered":"<p>Conatel inicia ciclo de formaci\u00f3n en alfabetizaci\u00f3n tecnol\u00f3gica dirigido a las comunidades La Comisi\u00f3n Nacional de Telecomunicaciones (CONATEL), comprometida con el empoderamiento del pueblo venezolano en el uso y acceso a las Tecnolog\u00edas de la Informaci\u00f3n y la Comunicaci\u00f3n (TIC), pone en marcha su Plan de Alfabetizaci\u00f3n Tecnol\u00f3gica 2023-2025. Este plan tiene como objetivo impulsar [&hellip;]<\/p>\n","protected":false},"author":7,"featured_media":0,"parent":0,"menu_order":0,"comment_status":"closed","ping_status":"closed","template":"","meta":{"footnotes":""},"class_list":["post-2798","page","type-page","status-publish","hentry"],"blocksy_meta":[],"_links":{"self":[{"href":"https:\/\/conatel.gob.ve\/index.php?rest_route=\/wp\/v2\/pages\/2798","targetHints":{"allow":["GET"]}}],"collection":[{"href":"https:\/\/conatel.gob.ve\/index.php?rest_route=\/wp\/v2\/pages"}],"about":[{"href":"https:\/\/conatel.gob.ve\/index.php?rest_route=\/wp\/v2\/types\/page"}],"author":[{"embeddable":true,"href":"https:\/\/conatel.gob.ve\/index.php?rest_route=\/wp\/v2\/users\/7"}],"replies":[{"embeddable":true,"href":"https:\/\/conatel.gob.ve\/index.php?rest_route=%2Fwp%2Fv2%2Fcomments&post=2798"}],"version-history":[{"count":9,"href":"https:\/\/conatel.gob.ve\/index.php?rest_route=\/wp\/v2\/pages\/2798\/revisions"}],"predecessor-version":[{"id":2908,"href":"https:\/\/conatel.gob.ve\/index.php?rest_route=\/wp\/v2\/pages\/2798\/revisions\/2908"}],"wp:attachment":[{"href":"https:\/\/conatel.gob.ve\/index.php?rest_route=%2Fwp%2Fv2%2Fmedia&parent=2798"}],"curies":[{"name":"wp","href":"https:\/\/api.w.org\/{rel}","templated":true}]}}