{"id":4312,"date":"2024-11-29T10:48:13","date_gmt":"2024-11-29T14:48:13","guid":{"rendered":"https:\/\/conatel.gob.ve\/?page_id=4312"},"modified":"2025-11-27T08:42:04","modified_gmt":"2025-11-27T12:42:04","slug":"estadisticas-telefonia-movil","status":"publish","type":"page","link":"https:\/\/conatel.gob.ve\/?page_id=4312","title":{"rendered":"Estadisticas Telefonia Movil"},"content":{"rendered":"\n<div class=\"wp-block-stackable-heading stk-block-heading stk-block-heading--v2 stk-block stk-39785f8\" id=\"estadisticas-telefonia-movil\" data-block-id=\"39785f8\"><style>.stk-39785f8 {margin-top:20px !important;}.stk-39785f8 .stk-block-heading__text{font-size:24px !important;color:var(--theme-palette-color-1, #2872fa) !important;}@media screen and (max-width:999px){.stk-39785f8 .stk-block-heading__text{font-size:24px !important;}}<\/style><h1 class=\"stk-block-heading__text has-text-color has-text-align-center\">Estad\u00edsticas Telefon\u00eda M\u00f3vil<\/h1><\/div>\n\n\n\n<div class=\"wp-block-stackable-columns stk-block-columns stk-block stk-c4eca19 stk-block-background\" data-block-id=\"c4eca19\"><style>.stk-c4eca19 {background-color:#e9e9ec !important;border-top-left-radius:20px !important;border-top-right-radius:20px !important;border-bottom-right-radius:20px !important;border-bottom-left-radius:20px !important;overflow:hidden !important;}.stk-c4eca19:before{background-color:#e9e9ec !important;}<\/style><div class=\"stk-row stk-inner-blocks stk-block-content stk-content-align stk-c4eca19-column\">\n<div class=\"wp-block-stackable-column stk-block-column stk-column stk-block stk-ee1c975\" data-v=\"4\" data-block-id=\"ee1c975\"><style>@media screen and (min-width:690px){.stk-ee1c975 {flex:var(--stk-flex-grow, 1) 1 calc(20% - var(--stk-column-gap, 0px) * 4 \/ 5 ) !important;}}<\/style><div class=\"stk-column-wrapper stk-block-column__content stk-container stk-ee1c975-container stk--no-background stk--no-padding\"><div class=\"stk-block-content stk-inner-blocks stk-ee1c975-inner-blocks\">\n<p class=\"has-text-align-center has-palette-color-4-color has-palette-color-7-background-color has-text-color has-background has-link-color has-medium-font-size wp-elements-ecae1ebf6e6fe33ce80da0d885064304\" style=\"border-radius:0px;padding-top:var(--wp--preset--spacing--20);padding-bottom:var(--wp--preset--spacing--20)\"><img decoding=\"async\" width=\"25\" height=\"25\" class=\"wp-image-4260\" style=\"width: 25px;\" src=\"https:\/\/conatel.gob.ve\/wp-content\/uploads\/2024\/11\/descargar2.png\" alt=\"\"> <strong>A\u00f1o 2025<\/strong><\/p>\n<\/div><\/div><\/div>\n\n\n\n<div class=\"wp-block-stackable-column stk-block-column stk-column stk-block stk-6af6042\" data-v=\"4\" data-block-id=\"6af6042\"><style>@media screen and (min-width:690px){.stk-6af6042 {flex:var(--stk-flex-grow, 1) 1 calc(20% - var(--stk-column-gap, 0px) * 4 \/ 5 ) !important;}}<\/style><div class=\"stk-column-wrapper stk-block-column__content stk-container stk-6af6042-container stk--no-background stk--no-padding\"><div class=\"stk-block-content stk-inner-blocks stk-6af6042-inner-blocks\">\n<div class=\"wp-block-file aligncenter has-palette-color-1-background-color has-background has-link-color wp-elements-0918e979e2dc110c0007e7125293efe1\" style=\"border-radius:20px;margin-top:var(--wp--preset--spacing--30);margin-right:0;margin-bottom:var(--wp--preset--spacing--30);margin-left:0;padding-top:var(--wp--preset--spacing--20);padding-right:0;padding-bottom:var(--wp--preset--spacing--20);padding-left:0\"><a id=\"wp-block-file--media-de0e99e4-8853-4d95-9479-99d37dfdfb89\" href=\"https:\/\/conatel.gob.ve\/wp-content\/uploads\/2025\/11\/PRESENTACION_TM_II_2025.pdf\" target=\"_blank\" rel=\"noreferrer noopener\"><strong>I<\/strong>I<strong> TRIMESTRE<\/strong> <img decoding=\"async\" width=\"25\" height=\"25\" class=\"wp-image-4270\" style=\"width: 25px;\" src=\"https:\/\/conatel.gob.ve\/wp-content\/uploads\/2024\/11\/descargar4.png\" alt=\"\"><\/a><\/div>\n<\/div><\/div><\/div>\n\n\n\n<div class=\"wp-block-stackable-column stk-block-column stk-column stk-block stk-e6829f2\" data-v=\"4\" data-block-id=\"e6829f2\"><style>@media screen and (min-width:690px){.stk-e6829f2 {flex:var(--stk-flex-grow, 1) 1 calc(20% - var(--stk-column-gap, 0px) * 4 \/ 5 ) !important;}}<\/style><div class=\"stk-column-wrapper stk-block-column__content stk-container stk-e6829f2-container stk--no-background stk--no-padding\"><div class=\"stk-block-content stk-inner-blocks stk-e6829f2-inner-blocks\">\n<div class=\"wp-block-file aligncenter has-palette-color-1-background-color has-background has-link-color wp-elements-7f61c2153c864cf05e84edf40e6919c3\" style=\"border-radius:20px;margin-top:var(--wp--preset--spacing--30);margin-right:0;margin-bottom:var(--wp--preset--spacing--30);margin-left:0;padding-top:var(--wp--preset--spacing--20);padding-right:0;padding-bottom:var(--wp--preset--spacing--20);padding-left:0\"><a id=\"wp-block-file--media-7faaaf15-a98e-49dd-8ceb-4ed5927bd711\" href=\"https:\/\/conatel.gob.ve\/wp-content\/uploads\/2025\/11\/PRESENTACION_TM_I_2025.pdf\" target=\"_blank\" rel=\"noreferrer noopener\"><strong>I<\/strong> <strong>TRIMESTRE<\/strong>  <img decoding=\"async\" width=\"25\" height=\"25\" class=\"wp-image-4270\" style=\"width: 25px;\" src=\"https:\/\/conatel.gob.ve\/wp-content\/uploads\/2024\/11\/descargar4.png\" alt=\"\"><\/a><\/div>\n<\/div><\/div><\/div>\n\n\n\n<div class=\"wp-block-stackable-column stk-block-column stk-column stk-block stk-3bd8ce7\" data-v=\"4\" data-block-id=\"3bd8ce7\"><style>@media screen and (min-width:690px){.stk-3bd8ce7 {flex:var(--stk-flex-grow, 1) 1 calc(20% - var(--stk-column-gap, 0px) * 4 \/ 5 ) !important;}}<\/style><div class=\"stk-column-wrapper stk-block-column__content stk-container stk-3bd8ce7-container stk--no-background stk--no-padding\"><div class=\"stk-block-content stk-inner-blocks stk-3bd8ce7-inner-blocks\"><\/div><\/div><\/div>\n\n\n\n<div class=\"wp-block-stackable-column stk-block-column stk-column stk-block stk-c1d90e4\" data-v=\"4\" data-block-id=\"c1d90e4\"><style>@media screen and (min-width:690px){.stk-c1d90e4 {flex:var(--stk-flex-grow, 1) 1 calc(20% - var(--stk-column-gap, 0px) * 4 \/ 5 ) !important;}}<\/style><div class=\"stk-column-wrapper stk-block-column__content stk-container stk-c1d90e4-container stk--no-background stk--no-padding\"><div class=\"stk-block-content stk-inner-blocks stk-c1d90e4-inner-blocks\"><\/div><\/div><\/div>\n<\/div><\/div>\n\n\n\n<div class=\"wp-block-stackable-columns stk-block-columns stk-block stk-c85276a stk-block-background\" data-block-id=\"c85276a\"><style>.stk-c85276a {background-color:#e9e9ec !important;border-top-left-radius:20px !important;border-top-right-radius:20px !important;border-bottom-right-radius:20px !important;border-bottom-left-radius:20px !important;overflow:hidden !important;}.stk-c85276a:before{background-color:#e9e9ec !important;}<\/style><div class=\"stk-row stk-inner-blocks stk-block-content stk-content-align stk-c85276a-column\">\n<div class=\"wp-block-stackable-column stk-block-column stk-column stk-block stk-fd8a9fa\" data-v=\"4\" data-block-id=\"fd8a9fa\"><style>@media screen and (min-width:690px){.stk-fd8a9fa {flex:var(--stk-flex-grow, 1) 1 calc(20% - var(--stk-column-gap, 0px) * 4 \/ 5 ) !important;}}<\/style><div class=\"stk-column-wrapper stk-block-column__content stk-container stk-fd8a9fa-container stk--no-background stk--no-padding\"><div class=\"stk-block-content stk-inner-blocks stk-fd8a9fa-inner-blocks\">\n<p class=\"has-text-align-center has-palette-color-4-color has-palette-color-7-background-color has-text-color has-background has-link-color has-medium-font-size wp-elements-9413facaeaf1b1527192e78d038b8c81\" style=\"border-radius:0px;padding-top:var(--wp--preset--spacing--20);padding-bottom:var(--wp--preset--spacing--20)\"><img decoding=\"async\" width=\"25\" height=\"25\" class=\"wp-image-4260\" style=\"width: 25px;\" src=\"https:\/\/conatel.gob.ve\/wp-content\/uploads\/2024\/11\/descargar2.png\" alt=\"\"> <strong>A\u00f1o 2024<\/strong><\/p>\n<\/div><\/div><\/div>\n\n\n\n<div class=\"wp-block-stackable-column stk-block-column stk-column stk-block stk-b301311\" data-v=\"4\" data-block-id=\"b301311\"><style>@media screen and (min-width:690px){.stk-b301311 {flex:var(--stk-flex-grow, 1) 1 calc(20% - var(--stk-column-gap, 0px) * 4 \/ 5 ) !important;}}<\/style><div class=\"stk-column-wrapper stk-block-column__content stk-container stk-b301311-container stk--no-background stk--no-padding\"><div class=\"stk-block-content stk-inner-blocks stk-b301311-inner-blocks\">\n<div class=\"wp-block-file aligncenter has-palette-color-1-background-color has-background has-link-color wp-elements-4b675fcac9b877591f50d4ca3c1a1fbd\" style=\"border-radius:20px;margin-top:var(--wp--preset--spacing--30);margin-right:0;margin-bottom:var(--wp--preset--spacing--30);margin-left:0;padding-top:var(--wp--preset--spacing--20);padding-right:0;padding-bottom:var(--wp--preset--spacing--20);padding-left:0\"><a id=\"wp-block-file--media-a6a929ce-e914-4245-91e5-4a35dcddc1bf\" href=\"https:\/\/conatel.gob.ve\/wp-content\/uploads\/2025\/08\/Presentacion_TelfMovil_IV-2024.pdf\" target=\"_blank\" rel=\"noreferrer noopener\"><strong>IV TRIMESTRE<\/strong>  <img decoding=\"async\" width=\"25\" height=\"25\" class=\"wp-image-4270\" style=\"width: 25px;\" src=\"https:\/\/conatel.gob.ve\/wp-content\/uploads\/2024\/11\/descargar4.png\" alt=\"\"><\/a><\/div>\n<\/div><\/div><\/div>\n\n\n\n<div class=\"wp-block-stackable-column stk-block-column stk-column stk-block stk-1b0b3ca\" data-v=\"4\" data-block-id=\"1b0b3ca\"><style>@media screen and (min-width:690px){.stk-1b0b3ca {flex:var(--stk-flex-grow, 1) 1 calc(20% - var(--stk-column-gap, 0px) * 4 \/ 5 ) !important;}}<\/style><div class=\"stk-column-wrapper stk-block-column__content stk-container stk-1b0b3ca-container stk--no-background stk--no-padding\"><div class=\"stk-block-content stk-inner-blocks stk-1b0b3ca-inner-blocks\">\n<div class=\"wp-block-file aligncenter has-palette-color-1-background-color has-background has-link-color wp-elements-a4f0fd4d913993e753a29135f2ac2c51\" style=\"border-radius:20px;margin-top:var(--wp--preset--spacing--30);margin-right:0;margin-bottom:var(--wp--preset--spacing--30);margin-left:0;padding-top:var(--wp--preset--spacing--20);padding-right:0;padding-bottom:var(--wp--preset--spacing--20);padding-left:0\"><a id=\"wp-block-file--media-72d511c2-bd89-44f2-8d31-d3676919cf67\" href=\"https:\/\/conatel.gob.ve\/wp-content\/uploads\/2025\/08\/Presentacion_TelfMovil_III-2024.pdf\" target=\"_blank\" rel=\"noreferrer noopener\"><strong>III TRIMESTRE<\/strong>  <img decoding=\"async\" width=\"25\" height=\"25\" class=\"wp-image-4270\" style=\"width: 25px;\" src=\"https:\/\/conatel.gob.ve\/wp-content\/uploads\/2024\/11\/descargar4.png\" alt=\"\"><\/a><\/div>\n<\/div><\/div><\/div>\n\n\n\n<div class=\"wp-block-stackable-column stk-block-column stk-column stk-block stk-e8b75f7\" data-v=\"4\" data-block-id=\"e8b75f7\"><style>@media screen and (min-width:690px){.stk-e8b75f7 {flex:var(--stk-flex-grow, 1) 1 calc(20% - var(--stk-column-gap, 0px) * 4 \/ 5 ) !important;}}<\/style><div class=\"stk-column-wrapper stk-block-column__content stk-container stk-e8b75f7-container stk--no-background stk--no-padding\"><div class=\"stk-block-content stk-inner-blocks stk-e8b75f7-inner-blocks\">\n<div class=\"wp-block-file aligncenter has-palette-color-1-background-color has-background has-link-color wp-elements-3cb40627410cb521fa7ae6a84b756893\" style=\"border-radius:20px;margin-top:var(--wp--preset--spacing--30);margin-right:0;margin-bottom:var(--wp--preset--spacing--30);margin-left:0;padding-top:var(--wp--preset--spacing--20);padding-right:0;padding-bottom:var(--wp--preset--spacing--20);padding-left:0\"><a id=\"wp-block-file--media-5d169cfe-6217-475a-9774-9e509b54b5f2\" href=\"https:\/\/conatel.gob.ve\/wp-content\/uploads\/2025\/08\/Presentacion_TelfMovil_II-2024.pdf\" target=\"_blank\" rel=\"noreferrer noopener\"><strong>II TRIMESTRE<\/strong>  <img decoding=\"async\" width=\"25\" height=\"25\" class=\"wp-image-4270\" style=\"width: 25px;\" src=\"https:\/\/conatel.gob.ve\/wp-content\/uploads\/2024\/11\/descargar4.png\" alt=\"\"><\/a><\/div>\n<\/div><\/div><\/div>\n\n\n\n<div class=\"wp-block-stackable-column stk-block-column stk-column stk-block stk-8d42203\" data-v=\"4\" data-block-id=\"8d42203\"><style>@media screen and (min-width:690px){.stk-8d42203 {flex:var(--stk-flex-grow, 1) 1 calc(20% - var(--stk-column-gap, 0px) * 4 \/ 5 ) !important;}}<\/style><div class=\"stk-column-wrapper stk-block-column__content stk-container stk-8d42203-container stk--no-background stk--no-padding\"><div class=\"stk-block-content stk-inner-blocks stk-8d42203-inner-blocks\">\n<div class=\"wp-block-file aligncenter has-palette-color-1-background-color has-background has-link-color wp-elements-cf341cbc701ad861f074926a54f15b98\" style=\"border-radius:20px;margin-top:var(--wp--preset--spacing--30);margin-right:0;margin-bottom:var(--wp--preset--spacing--30);margin-left:0;padding-top:var(--wp--preset--spacing--20);padding-right:0;padding-bottom:var(--wp--preset--spacing--20);padding-left:0\"><a id=\"wp-block-file--media-b51ea877-5bb7-42e6-8280-6fd068e00707\" href=\"https:\/\/conatel.gob.ve\/wp-content\/uploads\/2025\/08\/Presentacion_TelfMovil_I-2024.pdf\" target=\"_blank\" rel=\"noreferrer noopener\"><strong>I TRIMESTRE<\/strong>  <img decoding=\"async\" width=\"25\" height=\"25\" class=\"wp-image-4270\" style=\"width: 25px;\" src=\"https:\/\/conatel.gob.ve\/wp-content\/uploads\/2024\/11\/descargar4.png\" alt=\"\"><\/a><\/div>\n<\/div><\/div><\/div>\n<\/div><\/div>\n\n\n\n<div class=\"wp-block-stackable-columns stk-block-columns stk-block stk-6c8a5be stk-block-background\" data-block-id=\"6c8a5be\"><style>.stk-6c8a5be {background-color:#e9e9ec !important;border-top-left-radius:20px !important;border-top-right-radius:20px !important;border-bottom-right-radius:20px !important;border-bottom-left-radius:20px !important;overflow:hidden !important;}.stk-6c8a5be:before{background-color:#e9e9ec !important;}<\/style><div class=\"stk-row stk-inner-blocks stk-block-content stk-content-align stk-6c8a5be-column\">\n<div class=\"wp-block-stackable-column stk-block-column stk-column stk-block stk-02795b9\" data-v=\"4\" data-block-id=\"02795b9\"><style>@media screen and (min-width:690px){.stk-02795b9 {flex:var(--stk-flex-grow, 1) 1 calc(20% - var(--stk-column-gap, 0px) * 4 \/ 5 ) !important;}}<\/style><div class=\"stk-column-wrapper stk-block-column__content stk-container stk-02795b9-container stk--no-background stk--no-padding\"><div class=\"stk-block-content stk-inner-blocks stk-02795b9-inner-blocks\">\n<p class=\"has-text-align-center has-palette-color-4-color has-palette-color-7-background-color has-text-color has-background has-link-color has-medium-font-size wp-elements-0de9581f8336444b9e9a8b78038409e2\" style=\"border-radius:0px;padding-top:var(--wp--preset--spacing--20);padding-bottom:var(--wp--preset--spacing--20)\"><img decoding=\"async\" width=\"25\" height=\"25\" class=\"wp-image-4260\" style=\"width: 25px;\" src=\"https:\/\/conatel.gob.ve\/wp-content\/uploads\/2024\/11\/descargar2.png\" alt=\"\">     <strong>A\u00f1o 2023<\/strong><\/p>\n<\/div><\/div><\/div>\n\n\n\n<div class=\"wp-block-stackable-column stk-block-column stk-column stk-block stk-95eefeb\" data-v=\"4\" data-block-id=\"95eefeb\"><style>@media screen and (min-width:690px){.stk-95eefeb {flex:var(--stk-flex-grow, 1) 1 calc(20% - var(--stk-column-gap, 0px) * 4 \/ 5 ) !important;}}<\/style><div class=\"stk-column-wrapper stk-block-column__content stk-container stk-95eefeb-container stk--no-background stk--no-padding\"><div class=\"stk-block-content stk-inner-blocks stk-95eefeb-inner-blocks\">\n<div class=\"wp-block-file aligncenter has-palette-color-1-background-color has-background has-link-color wp-elements-ede7ccd51b84b010dfad3b0ea56d3bf8\" style=\"border-radius:20px;margin-top:var(--wp--preset--spacing--30);margin-right:0;margin-bottom:var(--wp--preset--spacing--30);margin-left:0;padding-top:var(--wp--preset--spacing--20);padding-right:0;padding-bottom:var(--wp--preset--spacing--20);padding-left:0\"><a id=\"wp-block-file--media-b09b6376-54be-4f36-9d4e-f68f53908214\" href=\"https:\/\/conatel.gob.ve\/wp-content\/uploads\/2025\/08\/Presentacion_TelfMovil_IV-2023.pdf\" target=\"_blank\" rel=\"noreferrer noopener\"><strong>IV TRIMESTRE<\/strong>  <img decoding=\"async\" width=\"25\" height=\"25\" class=\"wp-image-4270\" style=\"width: 25px;\" src=\"https:\/\/conatel.gob.ve\/wp-content\/uploads\/2024\/11\/descargar4.png\" alt=\"\"><\/a><\/div>\n<\/div><\/div><\/div>\n\n\n\n<div class=\"wp-block-stackable-column stk-block-column stk-column stk-block stk-9540de2\" data-v=\"4\" data-block-id=\"9540de2\"><style>@media screen and (min-width:690px){.stk-9540de2 {flex:var(--stk-flex-grow, 1) 1 calc(20% - var(--stk-column-gap, 0px) * 4 \/ 5 ) !important;}}<\/style><div class=\"stk-column-wrapper stk-block-column__content stk-container stk-9540de2-container stk--no-background stk--no-padding\"><div class=\"stk-block-content stk-inner-blocks stk-9540de2-inner-blocks\">\n<div class=\"wp-block-file aligncenter has-palette-color-1-background-color has-background has-link-color wp-elements-2f30226a6e3cdd98cfcba4bc118f5218\" style=\"border-radius:20px;margin-top:var(--wp--preset--spacing--30);margin-right:0;margin-bottom:var(--wp--preset--spacing--30);margin-left:0;padding-top:var(--wp--preset--spacing--20);padding-right:0;padding-bottom:var(--wp--preset--spacing--20);padding-left:0\"><a id=\"wp-block-file--media-82fbf936-5ed6-479e-a7c5-31c6bbff801e\" href=\"https:\/\/conatel.gob.ve\/wp-content\/uploads\/2025\/08\/Presentacion_TelfMovil_III-2023.pdf\" target=\"_blank\" rel=\"noreferrer noopener\"><strong>III TRIMESTRE<\/strong>  <img decoding=\"async\" width=\"25\" height=\"25\" class=\"wp-image-4270\" style=\"width: 25px;\" src=\"https:\/\/conatel.gob.ve\/wp-content\/uploads\/2024\/11\/descargar4.png\" alt=\"\"><\/a><\/div>\n<\/div><\/div><\/div>\n\n\n\n<div class=\"wp-block-stackable-column stk-block-column stk-column stk-block stk-ac276e7\" data-v=\"4\" data-block-id=\"ac276e7\"><style>@media screen and (min-width:690px){.stk-ac276e7 {flex:var(--stk-flex-grow, 1) 1 calc(20% - var(--stk-column-gap, 0px) * 4 \/ 5 ) !important;}}<\/style><div class=\"stk-column-wrapper stk-block-column__content stk-container stk-ac276e7-container stk--no-background stk--no-padding\"><div class=\"stk-block-content stk-inner-blocks stk-ac276e7-inner-blocks\">\n<div class=\"wp-block-file aligncenter has-palette-color-1-background-color has-background has-link-color wp-elements-75258c2e44cd1746c32b43360ee852d9\" style=\"border-radius:20px;margin-top:var(--wp--preset--spacing--30);margin-right:0;margin-bottom:var(--wp--preset--spacing--30);margin-left:0;padding-top:var(--wp--preset--spacing--20);padding-right:0;padding-bottom:var(--wp--preset--spacing--20);padding-left:0\"><a id=\"wp-block-file--media-f98499dc-0fc0-40c5-a927-68ff362d8672\" href=\"https:\/\/conatel.gob.ve\/wp-content\/uploads\/2024\/11\/Presentacion_cifras_II_2023_TM.pdf\" target=\"_blank\" rel=\"noreferrer noopener\"><strong>II TRIMESTRE<\/strong> <img decoding=\"async\" width=\"25\" height=\"25\" class=\"wp-image-4270\" style=\"width: 25px;\" src=\"https:\/\/conatel.gob.ve\/wp-content\/uploads\/2024\/11\/descargar4.png\" alt=\"\"><\/a><\/div>\n<\/div><\/div><\/div>\n\n\n\n<div class=\"wp-block-stackable-column stk-block-column stk-column stk-block stk-81473cd\" data-v=\"4\" data-block-id=\"81473cd\"><style>@media screen and (min-width:690px){.stk-81473cd {flex:var(--stk-flex-grow, 1) 1 calc(20% - var(--stk-column-gap, 0px) * 4 \/ 5 ) !important;}}<\/style><div class=\"stk-column-wrapper stk-block-column__content stk-container stk-81473cd-container stk--no-background stk--no-padding\"><div class=\"stk-block-content stk-inner-blocks stk-81473cd-inner-blocks\">\n<div class=\"wp-block-file aligncenter has-palette-color-1-background-color has-background has-link-color wp-elements-1b56426b595dbfa3f0a9a1285ef6f35c\" style=\"border-radius:20px;margin-top:var(--wp--preset--spacing--30);margin-right:0;margin-bottom:var(--wp--preset--spacing--30);margin-left:0;padding-top:var(--wp--preset--spacing--20);padding-right:0;padding-bottom:var(--wp--preset--spacing--20);padding-left:0\"><a id=\"wp-block-file--media-6a3452b3-4eb1-4d01-a0bf-69247a88566d\" href=\"https:\/\/conatel.gob.ve\/wp-content\/uploads\/2024\/11\/Presentacion_cifras_I_2023_TM.pdf\" target=\"_blank\" rel=\"noreferrer noopener\"><strong>I TRIMESTRE<\/strong> <img decoding=\"async\" width=\"25\" height=\"25\" class=\"wp-image-4270\" style=\"width: 25px;\" src=\"https:\/\/conatel.gob.ve\/wp-content\/uploads\/2024\/11\/descargar4.png\" alt=\"\"><\/a><\/div>\n<\/div><\/div><\/div>\n<\/div><\/div>\n\n\n\n<p><\/p>\n","protected":false},"excerpt":{"rendered":"<p>Estad\u00edsticas Telefon\u00eda M\u00f3vil A\u00f1o 2025 A\u00f1o 2024 A\u00f1o 2023<\/p>\n","protected":false},"author":7,"featured_media":0,"parent":0,"menu_order":0,"comment_status":"closed","ping_status":"closed","template":"","meta":{"footnotes":""},"class_list":["post-4312","page","type-page","status-publish","hentry"],"blocksy_meta":[],"_links":{"self":[{"href":"https:\/\/conatel.gob.ve\/index.php?rest_route=\/wp\/v2\/pages\/4312","targetHints":{"allow":["GET"]}}],"collection":[{"href":"https:\/\/conatel.gob.ve\/index.php?rest_route=\/wp\/v2\/pages"}],"about":[{"href":"https:\/\/conatel.gob.ve\/index.php?rest_route=\/wp\/v2\/types\/page"}],"author":[{"embeddable":true,"href":"https:\/\/conatel.gob.ve\/index.php?rest_route=\/wp\/v2\/users\/7"}],"replies":[{"embeddable":true,"href":"https:\/\/conatel.gob.ve\/index.php?rest_route=%2Fwp%2Fv2%2Fcomments&post=4312"}],"version-history":[{"count":14,"href":"https:\/\/conatel.gob.ve\/index.php?rest_route=\/wp\/v2\/pages\/4312\/revisions"}],"predecessor-version":[{"id":8828,"href":"https:\/\/conatel.gob.ve\/index.php?rest_route=\/wp\/v2\/pages\/4312\/revisions\/8828"}],"wp:attachment":[{"href":"https:\/\/conatel.gob.ve\/index.php?rest_route=%2Fwp%2Fv2%2Fmedia&parent=4312"}],"curies":[{"name":"wp","href":"https:\/\/api.w.org\/{rel}","templated":true}]}}