{"id":78,"date":"2024-08-05T10:03:03","date_gmt":"2024-08-05T14:03:03","guid":{"rendered":"http:\/\/localhost\/wordpress\/?page_id=78"},"modified":"2024-08-15T15:54:41","modified_gmt":"2024-08-15T19:54:41","slug":"recaudacion","status":"publish","type":"page","link":"https:\/\/conatel.gob.ve\/?page_id=78","title":{"rendered":"Recaudaci\u00f3n"},"content":{"rendered":"\n<p><\/p>\n\n\n\n<div class=\"wp-block-stackable-tabs alignfull stk-block-tabs stk-block stk-10488c1 stk-block-background\" data-initial-tab=\"1\" data-block-id=\"10488c1\"><style>.stk-10488c1{background-color:var(--theme-palette-color-7,#FAFBFC) !important;bottom:-100px !important}.stk-10488c1:before{background-color:var(--theme-palette-color-7,#FAFBFC) !important}.stk-10488c1 .stk-block-tab-content .stk-block-content .stk-block-column[hidden]{display:none !important}<\/style><div class=\"stk-row stk-inner-blocks stk-block-content stk-block-tabs--horizontal stk-block-tabs--fade stk-content-align stk-10488c1-column\">\n<div class=\"wp-block-stackable-tab-labels stk-block-tab-labels stk-block stk-7958480\" data-block-id=\"7958480\"><style>.stk-7958480{box-shadow:inset 0px -1px 0px 0px #0000001a !important}.stk-7958480 .stk-block-tab-labels__text{color:#999999 !important}.stk-7958480 .stk-block-tabs__tab{color:#999999 !important;background:transparent !important;border-style:solid !important;border-color:transparent !important;border-top-width:0px !important;border-right-width:0px !important;border-bottom-width:2px !important;border-left-width:0px !important}.stk-7958480 .stk-block-tabs__tab.stk-block-tabs__tab--active .stk-block-tab-labels__text{color:#000000 !important}.stk-7958480 .stk-block-tabs__tab .stk--inner-svg svg:last-child,.stk-7958480 .stk-block-tabs__tab .stk--inner-svg svg:last-child :is(g,path,rect,polygon,ellipse){fill:#909090 !important}.stk-7958480 .stk-block-tabs__tab:not(.stk-block-tabs__tab--active):hover .stk--inner-svg svg:last-child,.stk-7958480 .stk-block-tabs__tab:not(.stk-block-tabs__tab--active):hover .stk--inner-svg svg:last-child :is(g,path,rect,polygon,ellipse){fill:#909090 !important}.stk-7958480 .stk-block-tabs__tab.stk-block-tabs__tab--active{border-color:#000000 !important}.stk-7958480 .stk-block-tabs__tab.stk-block-tabs__tab--active .stk--inner-svg svg:last-child,.stk-7958480 .stk-block-tabs__tab.stk-block-tabs__tab--active .stk--inner-svg svg:last-child :is(g,path,rect,polygon,ellipse){fill:#000000 !important}.stk-7958480 .stk-block-tabs__tab.stk-block-tabs__tab--active:hover .stk--inner-svg svg:last-child,.stk-7958480 .stk-block-tabs__tab.stk-block-tabs__tab--active:hover .stk--inner-svg svg:last-child :is(g,path,rect,polygon,ellipse){fill:#000000 !important}<\/style><div class=\"stk-block-tab-labels__wrapper\" role=\"tablist\"><button class=\"stk-block-tabs__tab\" role=\"tab\"><div class=\"stk-block-tab-labels__text\"><span>Atenci\u00f3n al Usuario<\/span><\/div><\/button><button class=\"stk-block-tabs__tab\" role=\"tab\"><div class=\"stk-block-tab-labels__text\"><span>Formaci\u00f3n<\/span><\/div><\/button><button class=\"stk-block-tabs__tab\" role=\"tab\"><div class=\"stk-block-tab-labels__text\"><span>Dominios.ve<\/span><\/div><\/button><button class=\"stk-block-tabs__tab\" role=\"tab\"><div class=\"stk-block-tab-labels__text\"><span>Medios Comunitario<\/span><\/div><\/button><button class=\"stk-block-tabs__tab\" role=\"tab\"><div class=\"stk-block-tab-labels__text\"><span>Fomento Audiovisual<\/span><\/div><\/button><button class=\"stk-block-tabs__tab\" role=\"tab\"><div class=\"stk-block-tab-labels__text\"><span>Tributos<\/span><\/div><\/button><button class=\"stk-block-tabs__tab\" role=\"tab\"><div class=\"stk-block-tab-labels__text\"><span>Estad\u00edsticas<\/span><\/div><\/button><\/div><\/div>\n\n\n\n<div class=\"wp-block-stackable-tab-content stk-block-tab-content stk-block stk-7d5d0a0 stk-block-background stk--has-background-overlay\" data-block-id=\"7d5d0a0\"><style>.stk-7d5d0a0{background-image:url(http:\/\/localhost\/wordpress\/wp-content\/uploads\/2024\/08\/Fondo-de-Pestanero-final.png) !important}<\/style><div class=\"stk-row stk-inner-blocks stk-block-content stk-content-align stk-7d5d0a0-column\">\n<div class=\"wp-block-stackable-column stk-block-column stk-column stk-block stk-48d3a7c\" data-v=\"4\" role=\"tabpanel\" data-block-id=\"48d3a7c\"><div class=\"stk-column-wrapper stk-block-column__content stk-container stk-48d3a7c-container stk--no-background stk--no-padding\"><div class=\"stk-block-content stk-inner-blocks stk-48d3a7c-inner-blocks\">\n<div class=\"wp-block-stackable-columns stk-block-columns stk-block stk-caf4828\" data-block-id=\"caf4828\"><div class=\"stk-row stk-inner-blocks stk-block-content stk-content-align stk-caf4828-column\">\n<div class=\"wp-block-stackable-column stk-block-column stk-column stk-block stk-81e758d\" data-v=\"4\" data-block-id=\"81e758d\"><style>@media screen and (min-width:690px){.stk-81e758d{flex:var(--stk-flex-grow,1) 1 calc(30% - var(--stk-column-gap,0px) * 1 \/ 2 ) !important}}<\/style><div class=\"stk-column-wrapper stk-block-column__content stk-container stk-81e758d-container stk--no-background stk--no-padding\"><div class=\"stk-block-content stk-inner-blocks stk-81e758d-inner-blocks\">\n<div class=\"wp-block-stackable-icon-list stk-block-icon-list stk-block stk-857f91e\" data-block-id=\"857f91e\"><svg style=\"display:none\"><defs><g id=\"stk-icon-list__icon-svg-def-857f91e\"><svg xmlns=\"http:\/\/www.w3.org\/2000\/svg\" viewBox=\"0 0 190 190\"><polygon points=\"173.8,28.4 60.4,141.8 15.7,97.2 5.1,107.8 60.4,163 184.4,39 173.8,28.4\"\/><\/svg><\/g><\/defs><\/svg><ul class=\"stk-block-icon-list__ul stk-block-icon-list--column\">\n<li class=\"wp-block-stackable-icon-list-item stk-block-icon-list-item stk-block stk-53d0959\" data-block-id=\"53d0959\"><div class=\"stk-block-icon-list-item__content\"><span class=\"stk--svg-wrapper\"><div class=\"stk--inner-svg\"><svg aria-hidden=\"true\" width=\"32\" height=\"32\"><use xlink:href=\"#stk-icon-list__icon-svg-def-857f91e\"><\/use><\/svg><\/div><\/span><span class=\"stk-block-icon-list-item__text\">Sub-titulo 1<\/span><\/div><\/li>\n\n\n\n<li class=\"wp-block-stackable-icon-list-item stk-block-icon-list-item stk-block stk-9175587\" data-block-id=\"9175587\"><div class=\"stk-block-icon-list-item__content\"><span class=\"stk--svg-wrapper\"><div class=\"stk--inner-svg\"><svg aria-hidden=\"true\" width=\"32\" height=\"32\"><use xlink:href=\"#stk-icon-list__icon-svg-def-857f91e\"><\/use><\/svg><\/div><\/span><span class=\"stk-block-icon-list-item__text\">Sub-titulo 2<\/span><\/div><\/li>\n\n\n\n<li class=\"wp-block-stackable-icon-list-item stk-block-icon-list-item stk-block stk-b2b8c96\" data-block-id=\"b2b8c96\"><div class=\"stk-block-icon-list-item__content\"><span class=\"stk--svg-wrapper\"><div class=\"stk--inner-svg\"><svg aria-hidden=\"true\" width=\"32\" height=\"32\"><use xlink:href=\"#stk-icon-list__icon-svg-def-857f91e\"><\/use><\/svg><\/div><\/span><span class=\"stk-block-icon-list-item__text\">Sub-titulo 3<\/span><\/div><\/li>\n<\/ul><\/div>\n<\/div><\/div><\/div>\n\n\n\n<div class=\"wp-block-stackable-column stk-block-column stk-column stk-block stk-64f1a0e\" data-v=\"4\" data-block-id=\"64f1a0e\"><style>@media screen and (min-width:690px){.stk-64f1a0e{flex:var(--stk-flex-grow,1) 1 calc(70% - var(--stk-column-gap,0px) * 1 \/ 2 ) !important}}<\/style><div class=\"stk-column-wrapper stk-block-column__content stk-container stk-64f1a0e-container stk--no-background stk--no-padding\"><div class=\"stk-block-content stk-inner-blocks stk-64f1a0e-inner-blocks\">\n<p>La Oficina de Atenci\u00f3n a la Usuaria y al Usuario concede a la ciudadan\u00eda una esmerada e inmediata atenci\u00f3n para todos aquellos requerimientos inherentes al \u00e1rea, con un personal altamente calificado que ofrecer\u00e1 una orientaci\u00f3n eficaz.<\/p>\n<\/div><\/div><\/div>\n<\/div><\/div>\n<\/div><\/div><\/div>\n\n\n\n<div class=\"wp-block-stackable-column stk-block-column stk-column stk-block stk-b714687\" data-v=\"4\" role=\"tabpanel\" data-block-id=\"b714687\"><div class=\"stk-column-wrapper stk-block-column__content stk-container stk-b714687-container stk--no-background stk--no-padding\"><div class=\"stk-block-content stk-inner-blocks stk-b714687-inner-blocks\">\n<div class=\"wp-block-stackable-columns stk-block-columns stk-block stk-2593efd\" data-block-id=\"2593efd\"><div class=\"stk-row stk-inner-blocks stk-block-content stk-content-align stk-2593efd-column\">\n<div class=\"wp-block-stackable-column stk-block-column stk-column stk-block stk-73b9e35\" data-v=\"4\" data-block-id=\"73b9e35\"><style>@media screen and (min-width:690px){.stk-73b9e35{flex:var(--stk-flex-grow,1) 1 calc(29.999999999999986% - var(--stk-column-gap,0px) * 1 \/ 2 ) !important}}<\/style><div class=\"stk-column-wrapper stk-block-column__content stk-container stk-73b9e35-container stk--no-background stk--no-padding\"><div class=\"stk-block-content stk-inner-blocks stk-73b9e35-inner-blocks\">\n<div class=\"wp-block-stackable-icon-list stk-block-icon-list stk-block stk-08393c4\" data-block-id=\"08393c4\"><svg style=\"display:none\"><defs><g id=\"stk-icon-list__icon-svg-def-08393c4\"><svg xmlns=\"http:\/\/www.w3.org\/2000\/svg\" viewBox=\"0 0 190 190\"><polygon points=\"173.8,28.4 60.4,141.8 15.7,97.2 5.1,107.8 60.4,163 184.4,39 173.8,28.4\"\/><\/svg><\/g><\/defs><\/svg><ul class=\"stk-block-icon-list__ul stk-block-icon-list--column\">\n<li class=\"wp-block-stackable-icon-list-item stk-block-icon-list-item stk-block stk-06e32d8\" data-block-id=\"06e32d8\"><div class=\"stk-block-icon-list-item__content\"><span class=\"stk--svg-wrapper\"><div class=\"stk--inner-svg\"><svg aria-hidden=\"true\" width=\"32\" height=\"32\"><use xlink:href=\"#stk-icon-list__icon-svg-def-08393c4\"><\/use><\/svg><\/div><\/span><span class=\"stk-block-icon-list-item__text\">sub-titulo 1<\/span><\/div><\/li>\n\n\n\n<li class=\"wp-block-stackable-icon-list-item stk-block-icon-list-item stk-block stk-de50f63\" data-block-id=\"de50f63\"><div class=\"stk-block-icon-list-item__content\"><span class=\"stk--svg-wrapper\"><div class=\"stk--inner-svg\"><svg aria-hidden=\"true\" width=\"32\" height=\"32\"><use xlink:href=\"#stk-icon-list__icon-svg-def-08393c4\"><\/use><\/svg><\/div><\/span><span class=\"stk-block-icon-list-item__text\">sub-titulo 2<\/span><\/div><\/li>\n\n\n\n<li class=\"wp-block-stackable-icon-list-item stk-block-icon-list-item stk-block stk-00225da\" data-block-id=\"00225da\"><div class=\"stk-block-icon-list-item__content\"><span class=\"stk--svg-wrapper\"><div class=\"stk--inner-svg\"><svg aria-hidden=\"true\" width=\"32\" height=\"32\"><use xlink:href=\"#stk-icon-list__icon-svg-def-08393c4\"><\/use><\/svg><\/div><\/span><span class=\"stk-block-icon-list-item__text\">sub-titulo 3<\/span><\/div><\/li>\n\n\n\n<li class=\"wp-block-stackable-icon-list-item stk-block-icon-list-item stk-block stk-a89740c\" data-block-id=\"a89740c\"><div class=\"stk-block-icon-list-item__content\"><span class=\"stk--svg-wrapper\"><div class=\"stk--inner-svg\"><svg aria-hidden=\"true\" width=\"32\" height=\"32\"><use xlink:href=\"#stk-icon-list__icon-svg-def-08393c4\"><\/use><\/svg><\/div><\/span><span class=\"stk-block-icon-list-item__text\">sub-titulo 4<\/span><\/div><\/li>\n<\/ul><\/div>\n<\/div><\/div><\/div>\n\n\n\n<div class=\"wp-block-stackable-column stk-block-column stk-column stk-block stk-5aa16fb\" data-v=\"4\" data-block-id=\"5aa16fb\"><style>@media screen and (min-width:690px){.stk-5aa16fb{flex:var(--stk-flex-grow,1) 1 calc(70% - var(--stk-column-gap,0px) * 1 \/ 2 ) !important}}<\/style><div class=\"stk-column-wrapper stk-block-column__content stk-container stk-5aa16fb-container stk--no-background stk--no-padding\"><div class=\"stk-block-content stk-inner-blocks stk-5aa16fb-inner-blocks\">\n<p>Centro de Desarrollo e Informaci\u00f3n en Telecomunicaciones especializado en generar programas educativos innovadores, para la formaci\u00f3n y actualizaci\u00f3n permanente en materia de Telecomunicaciones y temas de inter\u00e9s comunitario vinculados al sector.<\/p>\n<\/div><\/div><\/div>\n<\/div><\/div>\n<\/div><\/div><\/div>\n\n\n\n<div class=\"wp-block-stackable-column stk-block-column stk-column stk-block stk-fc7b2c7\" data-v=\"4\" role=\"tabpanel\" data-block-id=\"fc7b2c7\"><div class=\"stk-column-wrapper stk-block-column__content stk-container stk-fc7b2c7-container stk--no-background stk--no-padding\"><div class=\"stk-block-content stk-inner-blocks stk-fc7b2c7-inner-blocks\"><\/div><\/div><\/div>\n\n\n\n<div class=\"wp-block-stackable-column stk-block-column stk-column stk-block stk-f8a8a95\" data-v=\"4\" role=\"tabpanel\" data-block-id=\"f8a8a95\"><div class=\"stk-column-wrapper stk-block-column__content stk-container stk-f8a8a95-container stk--no-background stk--no-padding\"><div class=\"stk-block-content stk-inner-blocks stk-f8a8a95-inner-blocks\"><\/div><\/div><\/div>\n\n\n\n<div class=\"wp-block-stackable-column stk-block-column stk-column stk-block stk-9d0a566\" data-v=\"4\" role=\"tabpanel\" data-block-id=\"9d0a566\"><div class=\"stk-column-wrapper stk-block-column__content stk-container stk-9d0a566-container stk--no-background stk--no-padding\"><div class=\"stk-block-content stk-inner-blocks stk-9d0a566-inner-blocks\"><\/div><\/div><\/div>\n\n\n\n<div class=\"wp-block-stackable-column stk-block-column stk-column stk-block stk-3e44633\" data-v=\"4\" role=\"tabpanel\" data-block-id=\"3e44633\"><div class=\"stk-column-wrapper stk-block-column__content stk-container stk-3e44633-container stk--no-background stk--no-padding\"><div class=\"stk-block-content stk-inner-blocks stk-3e44633-inner-blocks\"><\/div><\/div><\/div>\n\n\n\n<div class=\"wp-block-stackable-column stk-block-column stk-column stk-block stk-f1be876\" data-v=\"4\" role=\"tabpanel\" data-block-id=\"f1be876\"><div class=\"stk-column-wrapper stk-block-column__content stk-container stk-f1be876-container stk--no-background stk--no-padding\"><div class=\"stk-block-content stk-inner-blocks stk-f1be876-inner-blocks\"><\/div><\/div><\/div>\n<\/div><\/div>\n<\/div><\/div>\n","protected":false},"excerpt":{"rendered":"","protected":false},"author":7,"featured_media":0,"parent":0,"menu_order":0,"comment_status":"closed","ping_status":"closed","template":"","meta":{"footnotes":""},"class_list":["post-78","page","type-page","status-publish","hentry"],"blocksy_meta":[],"_links":{"self":[{"href":"https:\/\/conatel.gob.ve\/index.php?rest_route=\/wp\/v2\/pages\/78","targetHints":{"allow":["GET"]}}],"collection":[{"href":"https:\/\/conatel.gob.ve\/index.php?rest_route=\/wp\/v2\/pages"}],"about":[{"href":"https:\/\/conatel.gob.ve\/index.php?rest_route=\/wp\/v2\/types\/page"}],"author":[{"embeddable":true,"href":"https:\/\/conatel.gob.ve\/index.php?rest_route=\/wp\/v2\/users\/7"}],"replies":[{"embeddable":true,"href":"https:\/\/conatel.gob.ve\/index.php?rest_route=%2Fwp%2Fv2%2Fcomments&post=78"}],"version-history":[{"count":4,"href":"https:\/\/conatel.gob.ve\/index.php?rest_route=\/wp\/v2\/pages\/78\/revisions"}],"predecessor-version":[{"id":400,"href":"https:\/\/conatel.gob.ve\/index.php?rest_route=\/wp\/v2\/pages\/78\/revisions\/400"}],"wp:attachment":[{"href":"https:\/\/conatel.gob.ve\/index.php?rest_route=%2Fwp%2Fv2%2Fmedia&parent=78"}],"curies":[{"name":"wp","href":"https:\/\/api.w.org\/{rel}","templated":true}]}}