{"id":9816,"date":"2026-04-29T08:46:37","date_gmt":"2026-04-29T12:46:37","guid":{"rendered":"https:\/\/conatel.gob.ve\/?page_id=9816"},"modified":"2026-04-29T08:52:33","modified_gmt":"2026-04-29T12:52:33","slug":"conatel-y-operadoras-se-unen-a-proyecto-educativo-para-formar-jovenes-tecnicos-en-telecomunicaciones","status":"publish","type":"page","link":"https:\/\/conatel.gob.ve\/?page_id=9816","title":{"rendered":"Conatel y operadoras se unen a proyecto educativo para formar j\u00f3venes t\u00e9cnicos en telecomunicaciones"},"content":{"rendered":"\n<div class=\"wp-block-stackable-heading stk-block-heading stk-block-heading--v2 stk-block stk-67f237c\" id=\"conatel-y-operadoras-se-unen-a-proyecto-educativo-para-formar-jovenes-tecnicos-en-telecomunicaciones\" data-block-id=\"67f237c\"><style>.stk-67f237c {margin-top:20px !important;}.stk-67f237c .stk-block-heading__text{font-size:24px !important;}@media screen and (max-width:999px){.stk-67f237c .stk-block-heading__text{font-size:24px !important;}}<\/style><h1 class=\"stk-block-heading__text has-text-align-center\">Conatel y operadoras se unen a proyecto educativo para formar j\u00f3venes t\u00e9cnicos en telecomunicaciones<\/h1><\/div>\n\n\n\n<p class=\"justificar\"><strong><em>La Comisi\u00f3n Nacional de Telecomunicaciones (Conatel) y las empresas operadoras del sector confirmaron este martes su participaci\u00f3n en el Proyecto de Recuperaci\u00f3n Integral de la Escuela T\u00e9cnica Industrial (ETI) Julio Calca\u00f1o, una iniciativa que se perfila como un plan piloto para la formaci\u00f3n de talento t\u00e9cnico especializado en el \u00e1rea.<\/em><\/strong><\/p>\n\n\n\n<div class=\"wp-block-stackable-image stk-block-image stk-block stk-892d649\" data-block-id=\"892d649\"><style>.stk-892d649 .stk-img-wrapper img{object-fit:scale-down !important;}@media screen and (max-width:689px){.stk-892d649 .stk-img-wrapper img{object-fit:scale-down !important;}}<\/style><figure><span class=\"stk-img-wrapper stk-image--shape-stretch\"><img fetchpriority=\"high\" decoding=\"async\" class=\"stk-img wp-image-9817\" src=\"https:\/\/conatel.gob.ve\/wp-content\/uploads\/2026\/04\/Conatel_operadoras_1125.png\" width=\"1125\" height=\"320\" alt=\"Conatel y operadoras se unen a proyecto educativo para formar j\u00f3venes t\u00e9cnicos en telecomunicaciones\" srcset=\"https:\/\/conatel.gob.ve\/wp-content\/uploads\/2026\/04\/Conatel_operadoras_1125.png 1125w, https:\/\/conatel.gob.ve\/wp-content\/uploads\/2026\/04\/Conatel_operadoras_1125-300x85.png 300w, https:\/\/conatel.gob.ve\/wp-content\/uploads\/2026\/04\/Conatel_operadoras_1125-1024x291.png 1024w, https:\/\/conatel.gob.ve\/wp-content\/uploads\/2026\/04\/Conatel_operadoras_1125-768x218.png 768w\" sizes=\"(max-width: 1125px) 100vw, 1125px\" \/><\/span><\/figure><\/div>\n\n\n\n<p class=\"justificar\">As\u00ed lo dieron a conocer durante una reuni\u00f3n con Jesse Chac\u00f3n, responsable del proyecto de recuperaci\u00f3n de la ETI Julio Calca\u00f1o, ubicada en Catia; y Enrique Jos\u00e9 Quintana Sifontes, Director General de Conatel, donde se sentaron las bases de esta alianza estrat\u00e9gica.<\/p>\n\n\n\n<p class=\"justificar\">El proyecto, que forma parte de las pol\u00edticas del Gobierno Bolivariano para garantizar una educaci\u00f3n gratuita y de calidad, contempla una intervenci\u00f3n integral estructurada en varios componentes como la actualizaci\u00f3n tecnol\u00f3gica y pedag\u00f3gica, vinculaci\u00f3n con el ecosistema externo, impacto social y sostenibilidad patrimonial.<\/p>\n\n\n\n<p class=\"justificar\">En este esquema, Conatel actuar\u00e1 como mecanismo central de intermediaci\u00f3n entre la escuela y el sector privado, asegurando que el perfil de los egresados responda a las necesidades concretas del despliegue de infraestructura y servicios de telecomunicaciones.<\/p>\n\n\n\n<p class=\"justificar\">El Director General de Conatel, Enrique Quintana, subray\u00f3 el valor estrat\u00e9gico de contar con j\u00f3venes formados en telecomunicaciones, no solo para cubrir la demanda del sector, sino tambi\u00e9n para fortalecer al pa\u00eds en la materia.<\/p>\n\n\n\n<p class=\"justificar\">\u00abLa idea es construir Patria, todos deseamos tener un profesional bien formado, con \u00e9tica, con valores. Debemos contribuir a que eso se haga realidad. Dise\u00f1ar un curr\u00edculo en pro de los profesionales que vienen a dar respuesta a las necesidades del sector, que comprendan el ecosistema de las telecomunicaciones con una visi\u00f3n integral\u00bb, expres\u00f3.<\/p>\n\n\n\n<p class=\"justificar\">Quintana invit\u00f3 a los representantes del sector a acompa\u00f1ar y trabajar de manera mancomunada para fortalecer la infraestructura y dotar los laboratorios del plantel, con equipos de calidad, para que estos futuros t\u00e9cnicos est\u00e9n a la par del sector a nivel internacional.<\/p>\n\n\n\n<p class=\"justificar\">Por su parte, Jesse Chac\u00f3n detall\u00f3 que la formaci\u00f3n de los estudiantes ser\u00e1 reforzada con la aplicaci\u00f3n de herramientas digitales y que sistematizar\u00e1n toda la experiencia con el fin de que pueda ser replicada en otras escuelas t\u00e9cnicas, en diferentes regiones de Venezuela. \u201cLa intenci\u00f3n de este modelo educativo es que el joven sienta que estudiar vale la pena\u201d, se\u00f1al\u00f3.<\/p>\n\n\n\n<p class=\"justificar\">El proyecto contempla ahora la conformaci\u00f3n de un grupo de trabajo que revisar\u00e1 a fondo el curr\u00edculo acad\u00e9mico y convocar\u00e1 a las empresas del sector para que participen activamente, no solo en el dise\u00f1o del perfil de egreso, sino tambi\u00e9n en el equipamiento de los espacios formativos y en la oferta de cursos de extensi\u00f3n y mejoramiento profesional para sus propios trabajadores.<\/p>\n\n\n\n<p><strong>Empresas de telecomunicaciones comprometidas con el proyecto<\/strong><\/p>\n\n\n\n<p class=\"justificar\">Las empresas de telecomunicaciones que hacen vida en el pa\u00eds se mostraron complacidas con la iniciativa y expresaron su entusiasmo al ser incluidas en este proyecto.<\/p>\n\n\n\n<p class=\"justificar\">Ileanora Rond\u00f3n, representante de Digitel, destac\u00f3 que cuentan con el apoyo de esta corporaci\u00f3n. Asimismo, el presidente de la C\u00e1mara de Empresas de Servicios de Telecomunicaciones (Casetel), Juan Andr\u00e9s Krumins, asegur\u00f3 que sus agremiados apoyar\u00e1n la propuesta.<\/p>\n\n\n\n<p class=\"justificar\">Johny Tacke, presidente de la C\u00e1mara Nacional de Empresas de Telecomunicaciones (Canaemte), tambi\u00e9n aplaudi\u00f3 el plan y se\u00f1al\u00f3 que aportar\u00e1n su experiencia en el sector para el \u00e9xito de esta idea.<\/p>\n\n\n\n<p class=\"justificar\">Jos\u00e9 Luis Rodr\u00edguez Zarco, presidente de Movistar en Venezuela, adelant\u00f3 que la empresa que \u00e9l representa tambi\u00e9n est\u00e1 dispuesta a trabajar en conjunto para fortalecer la educaci\u00f3n en Telecomunicaciones desde la ETI Julio Calca\u00f1o.<\/p>\n\n\n\n<p class=\"justificar\" style=\"margin-bottom:var(--wp--preset--spacing--50)\">Por su parte, el presidente de la Asociaci\u00f3n de Empresas de Telecomunicaciones (Asotel), Luis Gustavo Ovalles, confirm\u00f3 que se sienten alineados con esta iniciativa. \u00abDesde ya comenzamos a so\u00f1ar con que se vaya replicando en todos los estados del pa\u00eds de manera que podamos, de una forma bien efectiva, aplicar el conocimiento a todos esos muchachos m\u00e1s all\u00e1 de Caracas (\u2026) en Venezuela hay mucho talento\u00bb.<\/p>\n","protected":false},"excerpt":{"rendered":"<p>Conatel y operadoras se unen a proyecto educativo para formar j\u00f3venes t\u00e9cnicos en telecomunicaciones La Comisi\u00f3n Nacional de Telecomunicaciones (Conatel) y las empresas operadoras del sector confirmaron este martes su participaci\u00f3n en el Proyecto de Recuperaci\u00f3n Integral de la Escuela T\u00e9cnica Industrial (ETI) Julio Calca\u00f1o, una iniciativa que se perfila como un plan piloto para [&hellip;]<\/p>\n","protected":false},"author":7,"featured_media":0,"parent":0,"menu_order":0,"comment_status":"closed","ping_status":"closed","template":"","meta":{"footnotes":""},"class_list":["post-9816","page","type-page","status-publish","hentry"],"blocksy_meta":[],"_links":{"self":[{"href":"https:\/\/conatel.gob.ve\/index.php?rest_route=\/wp\/v2\/pages\/9816","targetHints":{"allow":["GET"]}}],"collection":[{"href":"https:\/\/conatel.gob.ve\/index.php?rest_route=\/wp\/v2\/pages"}],"about":[{"href":"https:\/\/conatel.gob.ve\/index.php?rest_route=\/wp\/v2\/types\/page"}],"author":[{"embeddable":true,"href":"https:\/\/conatel.gob.ve\/index.php?rest_route=\/wp\/v2\/users\/7"}],"replies":[{"embeddable":true,"href":"https:\/\/conatel.gob.ve\/index.php?rest_route=%2Fwp%2Fv2%2Fcomments&post=9816"}],"version-history":[{"count":3,"href":"https:\/\/conatel.gob.ve\/index.php?rest_route=\/wp\/v2\/pages\/9816\/revisions"}],"predecessor-version":[{"id":9820,"href":"https:\/\/conatel.gob.ve\/index.php?rest_route=\/wp\/v2\/pages\/9816\/revisions\/9820"}],"wp:attachment":[{"href":"https:\/\/conatel.gob.ve\/index.php?rest_route=%2Fwp%2Fv2%2Fmedia&parent=9816"}],"curies":[{"name":"wp","href":"https:\/\/api.w.org\/{rel}","templated":true}]}}

Conatel y operadoras se unen a proyecto educativo para formar jóvenes técnicos en telecomunicaciones

<div class="wp-block-stackable-heading stk-block-heading stk-block-heading--v2 stk-block stk-67f237c" id="conatel-y-operadoras-se-unen-a-proyecto-educativo-para-formar-jovenes-tecnicos-en-telecomunicaciones" data-block-id="67f237c"><style>.stk-67f237c {margin-top:20px !important;}.stk-67f237c .stk-block-heading__text{font-size:24px !important;}@media screen and (max-width:999px){.stk-67f237c .stk-block-heading__text{font-size:24px !important;}}</style><h1 class="stk-block-heading__text has-text-align-center">Conatel y operadoras se unen a proyecto educativo para formar jóvenes técnicos en telecomunicaciones</h1></div>



<p class="justificar"><strong><em>La Comisión Nacional de Telecomunicaciones (Conatel) y las empresas operadoras del sector confirmaron este martes su participación en el Proyecto de Recuperación Integral de la Escuela Técnica Industrial (ETI) Julio Calcaño, una iniciativa que se perfila como un plan piloto para la formación de talento técnico especializado en el área.</em></strong></p>



<div class="wp-block-stackable-image stk-block-image stk-block stk-892d649" data-block-id="892d649"><style>.stk-892d649 .stk-img-wrapper img{object-fit:scale-down !important;}@media screen and (max-width:689px){.stk-892d649 .stk-img-wrapper img{object-fit:scale-down !important;}}</style><figure><span class="stk-img-wrapper stk-image--shape-stretch"><img fetchpriority="high" decoding="async" class="stk-img wp-image-9817" src="https://conatel.gob.ve/wp-content/uploads/2026/04/Conatel_operadoras_1125.png" width="1125" height="320" alt="Conatel y operadoras se unen a proyecto educativo para formar jóvenes técnicos en telecomunicaciones" srcset="https://conatel.gob.ve/wp-content/uploads/2026/04/Conatel_operadoras_1125.png 1125w, https://conatel.gob.ve/wp-content/uploads/2026/04/Conatel_operadoras_1125-300x85.png 300w, https://conatel.gob.ve/wp-content/uploads/2026/04/Conatel_operadoras_1125-1024x291.png 1024w, https://conatel.gob.ve/wp-content/uploads/2026/04/Conatel_operadoras_1125-768x218.png 768w" sizes="(max-width: 1125px) 100vw, 1125px" /></span></figure></div>



<p class="justificar">Así lo dieron a conocer durante una reunión con Jesse Chacón, responsable del proyecto de recuperación de la ETI Julio Calcaño, ubicada en Catia; y Enrique José Quintana Sifontes, Director General de Conatel, donde se sentaron las bases de esta alianza estratégica.</p>



<p class="justificar">El proyecto, que forma parte de las políticas del Gobierno Bolivariano para garantizar una educación gratuita y de calidad, contempla una intervención integral estructurada en varios componentes como la actualización tecnológica y pedagógica, vinculación con el ecosistema externo, impacto social y sostenibilidad patrimonial.</p>



<p class="justificar">En este esquema, Conatel actuará como mecanismo central de intermediación entre la escuela y el sector privado, asegurando que el perfil de los egresados responda a las necesidades concretas del despliegue de infraestructura y servicios de telecomunicaciones.</p>



<p class="justificar">El Director General de Conatel, Enrique Quintana, subrayó el valor estratégico de contar con jóvenes formados en telecomunicaciones, no solo para cubrir la demanda del sector, sino también para fortalecer al país en la materia.</p>



<p class="justificar">«La idea es construir Patria, todos deseamos tener un profesional bien formado, con ética, con valores. Debemos contribuir a que eso se haga realidad. Diseñar un currículo en pro de los profesionales que vienen a dar respuesta a las necesidades del sector, que comprendan el ecosistema de las telecomunicaciones con una visión integral», expresó.</p>



<p class="justificar">Quintana invitó a los representantes del sector a acompañar y trabajar de manera mancomunada para fortalecer la infraestructura y dotar los laboratorios del plantel, con equipos de calidad, para que estos futuros técnicos estén a la par del sector a nivel internacional.</p>



<p class="justificar">Por su parte, Jesse Chacón detalló que la formación de los estudiantes será reforzada con la aplicación de herramientas digitales y que sistematizarán toda la experiencia con el fin de que pueda ser replicada en otras escuelas técnicas, en diferentes regiones de Venezuela. “La intención de este modelo educativo es que el joven sienta que estudiar vale la pena”, señaló.</p>



<p class="justificar">El proyecto contempla ahora la conformación de un grupo de trabajo que revisará a fondo el currículo académico y convocará a las empresas del sector para que participen activamente, no solo en el diseño del perfil de egreso, sino también en el equipamiento de los espacios formativos y en la oferta de cursos de extensión y mejoramiento profesional para sus propios trabajadores.</p>



<p><strong>Empresas de telecomunicaciones comprometidas con el proyecto</strong></p>



<p class="justificar">Las empresas de telecomunicaciones que hacen vida en el país se mostraron complacidas con la iniciativa y expresaron su entusiasmo al ser incluidas en este proyecto.</p>



<p class="justificar">Ileanora Rondón, representante de Digitel, destacó que cuentan con el apoyo de esta corporación. Asimismo, el presidente de la Cámara de Empresas de Servicios de Telecomunicaciones (Casetel), Juan Andrés Krumins, aseguró que sus agremiados apoyarán la propuesta.</p>



<p class="justificar">Johny Tacke, presidente de la Cámara Nacional de Empresas de Telecomunicaciones (Canaemte), también aplaudió el plan y señaló que aportarán su experiencia en el sector para el éxito de esta idea.</p>



<p class="justificar">José Luis Rodríguez Zarco, presidente de Movistar en Venezuela, adelantó que la empresa que él representa también está dispuesta a trabajar en conjunto para fortalecer la educación en Telecomunicaciones desde la ETI Julio Calcaño.</p>



<p class="justificar" style="margin-bottom:var(--wp--preset--spacing--50)">Por su parte, el presidente de la Asociación de Empresas de Telecomunicaciones (Asotel), Luis Gustavo Ovalles, confirmó que se sienten alineados con esta iniciativa. «Desde ya comenzamos a soñar con que se vaya replicando en todos los estados del país de manera que podamos, de una forma bien efectiva, aplicar el conocimiento a todos esos muchachos más allá de Caracas (…) en Venezuela hay mucho talento».</p>

<p>Conatel y operadoras se unen a proyecto educativo para formar jóvenes técnicos en telecomunicaciones La Comisión Nacional de Telecomunicaciones (Conatel) y las empresas operadoras del sector confirmaron este martes su participación en el Proyecto de Recuperación Integral de la Escuela Técnica Industrial (ETI) Julio Calcaño, una iniciativa que se perfila como un plan piloto para [&hellip;]</p>
