{"id":9862,"date":"2026-05-01T19:45:29","date_gmt":"2026-05-01T23:45:29","guid":{"rendered":"https:\/\/conatel.gob.ve\/?page_id=9862"},"modified":"2026-05-01T19:45:29","modified_gmt":"2026-05-01T23:45:29","slug":"conatel-y-operadoras-inspeccionan-la-eti-julio-calcano-para-impulsar-proyecto-de-formacion-especializada","status":"publish","type":"page","link":"https:\/\/conatel.gob.ve\/?page_id=9862","title":{"rendered":"Conatel y operadoras inspeccionan la ETI Julio Calca\u00f1o para impulsar proyecto de formaci\u00f3n especializada"},"content":{"rendered":"\n<div class=\"wp-block-stackable-heading stk-block-heading stk-block-heading--v2 stk-block stk-1a79656\" id=\"conatel-y-operadoras-inspeccionan-la-eti-julio-calcano-para-impulsar-proyecto-de-formacion-especializada\" data-block-id=\"1a79656\"><style>.stk-1a79656 .stk-block-heading__text{font-size:24px !important;}@media screen and (max-width:999px){.stk-1a79656 .stk-block-heading__text{font-size:24px !important;}}<\/style><h1 class=\"stk-block-heading__text has-text-align-center\">Conatel y operadoras inspeccionan la ETI Julio Calca\u00f1o para impulsar proyecto de formaci\u00f3n especializada<\/h1><\/div>\n\n\n\n<div class=\"wp-block-stackable-image stk-block-image stk-block stk-43c7403\" data-block-id=\"43c7403\"><style>.stk-43c7403 .stk-img-wrapper img{object-fit:scale-down !important;}<\/style><figure><span class=\"stk-img-wrapper stk-image--shape-stretch\"><img fetchpriority=\"high\" decoding=\"async\" class=\"stk-img wp-image-9864\" src=\"https:\/\/conatel.gob.ve\/wp-content\/uploads\/2026\/05\/1125.png\" width=\"1125\" height=\"320\" alt=\"Conatel y operadoras inspeccionan la ETI Julio Calca\u00f1o para impulsar proyecto de formaci\u00f3n especializada\" srcset=\"https:\/\/conatel.gob.ve\/wp-content\/uploads\/2026\/05\/1125.png 1125w, https:\/\/conatel.gob.ve\/wp-content\/uploads\/2026\/05\/1125-300x85.png 300w, https:\/\/conatel.gob.ve\/wp-content\/uploads\/2026\/05\/1125-1024x291.png 1024w, https:\/\/conatel.gob.ve\/wp-content\/uploads\/2026\/05\/1125-768x218.png 768w\" sizes=\"(max-width: 1125px) 100vw, 1125px\" \/><\/span><\/figure><\/div>\n\n\n\n<p class=\"justificar\">En el marco de los esfuerzos del Gobierno Bolivariano por adaptar el sistema educativo a las exigencias de la actualidad, la Comisi\u00f3n Nacional de Telecomunicaciones (Conatel), representantes de las operadoras y las diferentes c\u00e1maras y asociaciones relacionadas con el sector, realizaron una visita a la Escuela T\u00e9cnica Industrial (ETI) \u00abJulio Calca\u00f1o\u00bb. El objetivo: sentar las bases de un proyecto que busca actualizar integralmente el pensum acad\u00e9mico y las instalaciones de este emblem\u00e1tico plantel.<\/p>\n\n\n\n<p id=\"justificar\">El encuentro estuvo liderado por Jesse Chac\u00f3n, responsable del Proyecto de Recuperaci\u00f3n Integral de la instituci\u00f3n, quien destac\u00f3 que la iniciativa no solo busca mejorar la infraestructura, sino revolucionar el modelo educativo para convertir la escuela en un ecosistema productivo conectado con la realidad nacional.<\/p>\n\n\n\n<p class=\"justificar\">El proyecto de transformaci\u00f3n se estructura en cinco ejes fundamentales: adecuaci\u00f3n de la infraestructura f\u00edsica, actualizaci\u00f3n curricular, vinculaci\u00f3n directa con la industria a trav\u00e9s de pasant\u00edas dirigidas, apertura de la escuela como centro de formaci\u00f3n tecnol\u00f3gica para la comunidad e implementaci\u00f3n de un modelo que permita al plantel autosustentarse.<\/p>\n\n\n\n<p class=\"justificar\">Ante la presencia de representantes de las operadoras de telecomunicaciones, se discuti\u00f3 la necesidad de que los egresados dominen tecnolog\u00edas de \u00faltima generaci\u00f3n. \u00abNuestros muchachos tienen que ver IPv6, Inteligencia Artificial y 5G, porque ese es el mundo con el que se van a conseguir al salir\u00bb, enfatiz\u00f3 Chac\u00f3n.<\/p>\n\n\n\n<p class=\"justificar\">Como valor agregado, se propuso que Conatel act\u00fae como ente certificador. As\u00ed, un estudiante no solo egresar\u00eda como T\u00e9cnico Medio, sino que contar\u00eda con certificaciones oficiales en \u00e1reas como comunicaciones satelitales o gesti\u00f3n de redes, facilitando su inserci\u00f3n inmediata en el campo laboral.<\/p>\n\n\n\n<p class=\"justificar\">La meta establecida para este proyecto piloto es que, al inicio del a\u00f1o escolar en septiembre de 2026, la ETI Julio Calca\u00f1o cuente con un curr\u00edculo renovado, laboratorios instalados y un esquema de formaci\u00f3n semipresencial mediante la plataforma Moodle.<\/p>\n\n\n\n<p class=\"justificar\">Este modelo busca aprovechar el auge de inversiones en sectores estrat\u00e9gicos como el gas, petr\u00f3leo y miner\u00eda, que demandar\u00e1n especialistas en conectividad y soporte t\u00e9cnico. Una vez culminado con \u00e9xito este proyecto, ser\u00e1 replicado en otras instituciones, como la Escuela Jos\u00e9 de San Mart\u00edn, para fortalecer la formaci\u00f3n de la generaci\u00f3n de relevo en todo el pa\u00eds.<\/p>\n","protected":false},"excerpt":{"rendered":"<p>Conatel y operadoras inspeccionan la ETI Julio Calca\u00f1o para impulsar proyecto de formaci\u00f3n especializada En el marco de los esfuerzos del Gobierno Bolivariano por adaptar el sistema educativo a las exigencias de la actualidad, la Comisi\u00f3n Nacional de Telecomunicaciones (Conatel), representantes de las operadoras y las diferentes c\u00e1maras y asociaciones relacionadas con el sector, realizaron [&hellip;]<\/p>\n","protected":false},"author":12,"featured_media":0,"parent":0,"menu_order":0,"comment_status":"closed","ping_status":"closed","template":"","meta":{"footnotes":""},"class_list":["post-9862","page","type-page","status-publish","hentry"],"blocksy_meta":[],"_links":{"self":[{"href":"https:\/\/conatel.gob.ve\/index.php?rest_route=\/wp\/v2\/pages\/9862","targetHints":{"allow":["GET"]}}],"collection":[{"href":"https:\/\/conatel.gob.ve\/index.php?rest_route=\/wp\/v2\/pages"}],"about":[{"href":"https:\/\/conatel.gob.ve\/index.php?rest_route=\/wp\/v2\/types\/page"}],"author":[{"embeddable":true,"href":"https:\/\/conatel.gob.ve\/index.php?rest_route=\/wp\/v2\/users\/12"}],"replies":[{"embeddable":true,"href":"https:\/\/conatel.gob.ve\/index.php?rest_route=%2Fwp%2Fv2%2Fcomments&post=9862"}],"version-history":[{"count":2,"href":"https:\/\/conatel.gob.ve\/index.php?rest_route=\/wp\/v2\/pages\/9862\/revisions"}],"predecessor-version":[{"id":9865,"href":"https:\/\/conatel.gob.ve\/index.php?rest_route=\/wp\/v2\/pages\/9862\/revisions\/9865"}],"wp:attachment":[{"href":"https:\/\/conatel.gob.ve\/index.php?rest_route=%2Fwp%2Fv2%2Fmedia&parent=9862"}],"curies":[{"name":"wp","href":"https:\/\/api.w.org\/{rel}","templated":true}]}}

Conatel y operadoras inspeccionan la ETI Julio Calcaño para impulsar proyecto de formación especializada

<div class="wp-block-stackable-heading stk-block-heading stk-block-heading--v2 stk-block stk-1a79656" id="conatel-y-operadoras-inspeccionan-la-eti-julio-calcano-para-impulsar-proyecto-de-formacion-especializada" data-block-id="1a79656"><style>.stk-1a79656 .stk-block-heading__text{font-size:24px !important;}@media screen and (max-width:999px){.stk-1a79656 .stk-block-heading__text{font-size:24px !important;}}</style><h1 class="stk-block-heading__text has-text-align-center">Conatel y operadoras inspeccionan la ETI Julio Calcaño para impulsar proyecto de formación especializada</h1></div>



<div class="wp-block-stackable-image stk-block-image stk-block stk-43c7403" data-block-id="43c7403"><style>.stk-43c7403 .stk-img-wrapper img{object-fit:scale-down !important;}</style><figure><span class="stk-img-wrapper stk-image--shape-stretch"><img fetchpriority="high" decoding="async" class="stk-img wp-image-9864" src="https://conatel.gob.ve/wp-content/uploads/2026/05/1125.png" width="1125" height="320" alt="Conatel y operadoras inspeccionan la ETI Julio Calcaño para impulsar proyecto de formación especializada" srcset="https://conatel.gob.ve/wp-content/uploads/2026/05/1125.png 1125w, https://conatel.gob.ve/wp-content/uploads/2026/05/1125-300x85.png 300w, https://conatel.gob.ve/wp-content/uploads/2026/05/1125-1024x291.png 1024w, https://conatel.gob.ve/wp-content/uploads/2026/05/1125-768x218.png 768w" sizes="(max-width: 1125px) 100vw, 1125px" /></span></figure></div>



<p class="justificar">En el marco de los esfuerzos del Gobierno Bolivariano por adaptar el sistema educativo a las exigencias de la actualidad, la Comisión Nacional de Telecomunicaciones (Conatel), representantes de las operadoras y las diferentes cámaras y asociaciones relacionadas con el sector, realizaron una visita a la Escuela Técnica Industrial (ETI) «Julio Calcaño». El objetivo: sentar las bases de un proyecto que busca actualizar integralmente el pensum académico y las instalaciones de este emblemático plantel.</p>



<p id="justificar">El encuentro estuvo liderado por Jesse Chacón, responsable del Proyecto de Recuperación Integral de la institución, quien destacó que la iniciativa no solo busca mejorar la infraestructura, sino revolucionar el modelo educativo para convertir la escuela en un ecosistema productivo conectado con la realidad nacional.</p>



<p class="justificar">El proyecto de transformación se estructura en cinco ejes fundamentales: adecuación de la infraestructura física, actualización curricular, vinculación directa con la industria a través de pasantías dirigidas, apertura de la escuela como centro de formación tecnológica para la comunidad e implementación de un modelo que permita al plantel autosustentarse.</p>



<p class="justificar">Ante la presencia de representantes de las operadoras de telecomunicaciones, se discutió la necesidad de que los egresados dominen tecnologías de última generación. «Nuestros muchachos tienen que ver IPv6, Inteligencia Artificial y 5G, porque ese es el mundo con el que se van a conseguir al salir», enfatizó Chacón.</p>



<p class="justificar">Como valor agregado, se propuso que Conatel actúe como ente certificador. Así, un estudiante no solo egresaría como Técnico Medio, sino que contaría con certificaciones oficiales en áreas como comunicaciones satelitales o gestión de redes, facilitando su inserción inmediata en el campo laboral.</p>



<p class="justificar">La meta establecida para este proyecto piloto es que, al inicio del año escolar en septiembre de 2026, la ETI Julio Calcaño cuente con un currículo renovado, laboratorios instalados y un esquema de formación semipresencial mediante la plataforma Moodle.</p>



<p class="justificar">Este modelo busca aprovechar el auge de inversiones en sectores estratégicos como el gas, petróleo y minería, que demandarán especialistas en conectividad y soporte técnico. Una vez culminado con éxito este proyecto, será replicado en otras instituciones, como la Escuela José de San Martín, para fortalecer la formación de la generación de relevo en todo el país.</p>

<p>Conatel y operadoras inspeccionan la ETI Julio Calcaño para impulsar proyecto de formación especializada En el marco de los esfuerzos del Gobierno Bolivariano por adaptar el sistema educativo a las exigencias de la actualidad, la Comisión Nacional de Telecomunicaciones (Conatel), representantes de las operadoras y las diferentes cámaras y asociaciones relacionadas con el sector, realizaron [&hellip;]</p>
